te the greatest common divisor of 8 and 32.
8
What is the greatest common divisor of 22 and 1606?
22
Calculate the greatest common divisor of 11 and 913.
11
What is the highest common divisor of 22416 and 48?
48
What is the greatest common divisor of 23 and 2139?
23
Calculate the highest common divisor of 54 and 4032.
18
What is the highest common divisor of 423 and 9?
9
Calculate the greatest common factor of 202 and 75346.
202
Calculate the greatest common factor of 123 and 328.
41
Calculate the highest common divisor of 26 and 650.
26
What is the greatest common divisor of 82 and 9881?
41
Calculate the highest common divisor of 266 and 114.
38
What is the highest common factor of 1315 and 11046?
263
Calculate the highest common factor of 2530 and 110.
110
Calculate the greatest common factor of 32 and 56.
8
What is the highest common factor of 516 and 86?
86
Calculate the greatest common factor of 99 and 252.
9
Calculate the greatest common factor of 18846 and 18.
18
Calculate the greatest common divisor of 15 and 160.
5
What is the highest common factor of 17302 and 82?
82
What is the greatest common divisor of 38 and 437?
19
What is the greatest common divisor of 321 and 214?
107
What is the highest common divisor of 18 and 855?
9
What is the highest common factor of 1924 and 104?
52
Calculate the greatest common factor of 3124 and 44.
44
Calculate the highest common factor of 560 and 108.
4
Calculate the highest common factor of 1872 and 104.
104
What is the highest common divisor of 29371 and 69?
23
Calculate the highest common factor of 595 and 105.
35
What is the greatest common factor of 8932 and 609?
203
Calculate the highest common factor of 902 and 66.
22
Calculate the greatest common divisor of 109504 and 118.
118
What is the greatest common factor of 2561 and 26?
13
Calculate the highest common factor of 19 and 304.
19
What is the highest common factor of 952 and 833?
119
Calculate the highest common factor of 24 and 138.
6
Calculate the highest common factor of 450 and 3050.
50
What is the highest common factor of 126 and 798?
42
What is the greatest common factor of 533 and 82?
41
Calculate the greatest common divisor of 30 and 2510.
10
Calculate the highest common divisor of 90 and 72.
18
Calculate the highest common divisor of 164 and 2911.
41
Calculate the highest common divisor of 22 and 110.
22
What is the highest common divisor of 880 and 400?
80
Calculate the greatest common factor of 111 and 629.
37
Calculate the highest common divisor of 88 and 3586.
22
What is the highest common divisor of 1215 and 15?
15
What is the greatest common factor of 148 and 13394?
74
What is the greatest common divisor of 15708 and 1155?
231
Calculate the highest common divisor of 22 and 660.
22
Calculate the greatest common factor of 18 and 2340.
18
Calculate the greatest common divisor of 819 and 3367.
91
Calculate the greatest common divisor of 591 and 21.
3
What is the highest common factor of 75 and 3125?
25
Calculate the highest common divisor of 357 and 3.
3
What is the greatest common divisor of 27 and 23?
1
Calculate the greatest common divisor of 44 and 946.
22
Calculate the highest common factor of 339 and 1921.
113
Calculate the greatest common factor of 1625 and 260.
65
What is the highest common factor of 170 and 68?
34
Calculate the highest common divisor of 11 and 1639.
11
What is the greatest common factor of 936 and 559?
13
Calculate the greatest common divisor of 2200 and 1056.
88
Calculate the highest common divisor of 106 and 11925.
53
Calculate the greatest common divisor of 2 and 64.
2
What is the greatest common factor of 154 and 726?
22
What is the greatest common divisor of 340 and 68?
68
Calculate the highest common divisor of 1953 and 3465.
63
Calculate the greatest common factor of 2896 and 48.
16
What is the highest common divisor of 85335 and 15?
15
What is the greatest common factor of 26375 and 125?
125
Calculate the greatest common divisor of 798 and 1659.
21
Calculate the highest common factor of 10 and 1370.
10
What is the highest common divisor of 72 and 16?
8
What is the highest common divisor of 45 and 261?
9
What is the greatest common divisor of 4725 and 63?
63
Calculate the greatest common divisor of 248 and 589.
31
What is the greatest common factor of 136 and 88?
8
What is the greatest common divisor of 64 and 3136?
64
What is the greatest common factor of 799 and 17?
17
Calculate the greatest common factor of 38 and 950.
38
What is the greatest common divisor of 136 and 680?
136
Calculate the greatest common factor of 14 and 13517.
7
Calculate the greatest common divisor of 3 and 8.
1
What is the highest common factor of 10 and 586?
2
Calculate the highest common factor of 3 and 2139.
3
Calculate the greatest common factor of 5391 and 9.
9
Calculate the greatest common divisor of 19136 and 276.
92
What is the greatest common factor of 36 and 7542?
18
What is the highest common factor of 58 and 4582?
58
What is the highest common factor of 402 and 18?
6
What is the greatest common divisor of 396 and 90?
18
Calculate the highest common divisor of 21 and 105.
21
What is the highest common divisor of 168 and 10290?
42
What is the highest common divisor of 6 and 6?
6
What is the highest common divisor of 36 and 972?
36
What is the greatest common divisor of 2 and 102?
2
What is the highest common divisor of 308 and 2?
2
What is the greatest common divisor of 2020 and 10?
10
Calculate the highest common factor of 848 and 32.
16
What is the greatest common divisor of 36 and 6534?
18
What is the greatest common divisor of 96 and 3?
3
What is the highest common factor of 24 and 66?
6
Calculate the highest common divisor of 39 and 637.
13
What is the greatest common factor of 1188 and 1728?
108
Calculate the highest common factor of 216 and 32.
8
What is the highest common divisor of 248 and 14508?
124
Calculate the highest common divisor of 2070 and 54.
18
What is the greatest common divisor of 348 and 609?
87
Calculate the highest common factor of 43 and 1075.
43
What is the highest common divisor of 425 and 25?
25
What is the highest common factor of 11 and 2486?
11
What is the highest common factor of 31 and 23281?
31
Calculate the highest common factor of 1776 and 111.
111
What is the highest common factor of 224 and 384?
32
Calculate the greatest common divisor of 486 and 18.
18
What is the highest common factor of 192 and 72?
24
What is the greatest common divisor of 58 and 6786?
58
What is the greatest common factor of 344 and 40?
8
Calculate the greatest common factor of 1 and 19.
1
Calculate the highest common divisor of 306 and 54.
18
What is the greatest common divisor of 1475 and 75?
25
Calculate the highest common divisor of 49 and 1911.
49
What is the greatest common divisor of 38 and 8?
2
Calculate the highest common divisor of 3781 and 19.
19
Calculate the highest common factor of 24 and 648.
24
Calculate the greatest common factor of 37 and 999.
37
What is the highest common factor of 288 and 180?
36
What is the highest common factor of 5 and 985?
5
Calculate the highest common factor of 113 and 35369.
113
Calculate the highest common divisor of 1 and 5.
1
Calculate the highest common divisor of 20 and 340.
20
Calculate the greatest common divisor of 32 and 640.
32
Calculate the greatest common divisor of 867 and 306.
51
What is the greatest common factor of 51 and 2057?
17
What is the highest common divisor of 32346 and 36?
18
Calculate the greatest common factor of 30 and 1230.
30
What is the highest common factor of 28 and 7?
7
What is the highest common factor of 68 and 1666?
34
What is the highest common factor of 28 and 602?
14
What is the greatest common divisor of 144 and 96?
48
What is the greatest common factor of 3 and 27?
3
Calculate the highest common factor of 56 and 266.
14
Calculate the greatest common factor of 10 and 16630.
10
Calculate the greatest common divisor of 77 and 11.
11
What is the highest common divisor of 8346 and 26?
26
What is the greatest common factor of 54 and 12258?
54
What is the highest common divisor of 85 and 12631?
17
Calculate the highest common factor of 18003 and 136.
17
What is the greatest common divisor of 32856 and 12?
12
Calculate the